{"id":284,"date":"2025-05-03T14:20:53","date_gmt":"2025-05-03T12:20:53","guid":{"rendered":"https:\/\/www.cea-emig.ne\/?page_id=284"},"modified":"2025-05-04T18:51:15","modified_gmt":"2025-05-04T16:51:15","slug":"cycle-licence","status":"publish","type":"page","link":"https:\/\/www.cea-emig.ne\/index.php\/cycle-licence\/","title":{"rendered":"Cycle Licence"},"content":{"rendered":"\n<p>Dans le cadre du projet des Centres d\u2019Excellence Africains pour l\u2019impact sur le d\u00e9veloppement, le Centre Environnement Minier de l\u2019EMIG (CEA_EM-EMIG) ouvre un parcours de formation sp\u00e9cialis\u00e9s dipl\u00f4mants\u00a0 en \u00ab\u00a0Mines et\u00a0Environnement minier\u00a0\u00bb\u00a0;<\/p>\n\n\n\n<p><strong>Lieu de la formation<\/strong>\u00a0:<\/p>\n\n\n\n<p>Niamey, R\u00e9publique du Niger<\/p>\n\n\n\n<p>La formation est assur\u00e9e \u00e0 Niamey dans l\u2019enceinte de l\u2019\u00e9cole des Mines de l\u2019Industrie et de la G\u00e9ologie (EMIG)<\/p>\n\n\n\n<p><strong>Objectifs de la formation&nbsp;<\/strong><\/p>\n\n\n\n<p>Formation des Techniciens Sup\u00e9rieurs (licences professionnelle) en \u00ab&nbsp;Environnement minier&nbsp;\u00bb&nbsp;;<\/p>\n\n\n\n<p><strong>Contenus de la formation<\/strong><\/p>\n\n\n\n<p>\u00b7&nbsp;Exploitation Mini\u00e8re&nbsp;;<\/p>\n\n\n\n<p>\u00b7\u00a0Valorisation (Traitement) des minerais.<\/p>\n\n\n\n<figure class=\"wp-block-image size-full\"><img loading=\"lazy\" decoding=\"async\" width=\"1024\" height=\"768\" src=\"https:\/\/www.cea-emig.ne\/wp-content\/uploads\/2025\/05\/MINES2.jpg\" alt=\"\" class=\"wp-image-382\" srcset=\"https:\/\/www.cea-emig.ne\/wp-content\/uploads\/2025\/05\/MINES2.jpg 1024w, https:\/\/www.cea-emig.ne\/wp-content\/uploads\/2025\/05\/MINES2-300x225.jpg 300w, https:\/\/www.cea-emig.ne\/wp-content\/uploads\/2025\/05\/MINES2-768x576.jpg 768w\" sizes=\"(max-width: 1024px) 100vw, 1024px\" \/><\/figure>\n","protected":false},"excerpt":{"rendered":"<p>Dans le cadre du projet des Centres d\u2019Excellence Africains pour l\u2019impact sur le d\u00e9veloppement, le Centre Environnement Minier de l\u2019EMIG (CEA_EM-EMIG) ouvre un parcours de formation sp\u00e9cialis\u00e9s dipl\u00f4mants\u00a0 en \u00ab\u00a0Mines et\u00a0Environnement minier\u00a0\u00bb\u00a0; Lieu de la formation\u00a0: Niamey, R\u00e9publique du Niger La formation est assur\u00e9e \u00e0 Niamey dans l\u2019enceinte de l\u2019\u00e9cole des Mines de l\u2019Industrie et&#8230;<\/p>\n","protected":false},"author":1,"featured_media":0,"parent":0,"menu_order":0,"comment_status":"closed","ping_status":"closed","template":"","meta":{"saved_in_kubio":false,"_kad_post_transparent":"","_kad_post_title":"","_kad_post_layout":"","_kad_post_sidebar_id":"","_kad_post_content_style":"","_kad_post_vertical_padding":"","_kad_post_feature":"","_kad_post_feature_position":"","_kad_post_header":false,"_kad_post_footer":false,"footnotes":""},"class_list":["post-284","page","type-page","status-publish","hentry"],"kubio_ai_page_context":{"short_desc":"","purpose":"general"},"_links":{"self":[{"href":"https:\/\/www.cea-emig.ne\/index.php\/wp-json\/wp\/v2\/pages\/284","targetHints":{"allow":["GET"]}}],"collection":[{"href":"https:\/\/www.cea-emig.ne\/index.php\/wp-json\/wp\/v2\/pages"}],"about":[{"href":"https:\/\/www.cea-emig.ne\/index.php\/wp-json\/wp\/v2\/types\/page"}],"author":[{"embeddable":true,"href":"https:\/\/www.cea-emig.ne\/index.php\/wp-json\/wp\/v2\/users\/1"}],"replies":[{"embeddable":true,"href":"https:\/\/www.cea-emig.ne\/index.php\/wp-json\/wp\/v2\/comments?post=284"}],"version-history":[{"count":3,"href":"https:\/\/www.cea-emig.ne\/index.php\/wp-json\/wp\/v2\/pages\/284\/revisions"}],"predecessor-version":[{"id":383,"href":"https:\/\/www.cea-emig.ne\/index.php\/wp-json\/wp\/v2\/pages\/284\/revisions\/383"}],"wp:attachment":[{"href":"https:\/\/www.cea-emig.ne\/index.php\/wp-json\/wp\/v2\/media?parent=284"}],"curies":[{"name":"wp","href":"https:\/\/api.w.org\/{rel}","templated":true}]}}

<p>Dans le cadre du projet des Centres d’Excellence Africains pour l’impact sur le développement, le Centre Environnement Minier de l’EMIG (CEA_EM-EMIG) ouvre un parcours de formation spécialisés diplômants  en « Mines et Environnement minier » ;</p>



<p><strong>Lieu de la formation</strong> :</p>



<p>Niamey, République du Niger</p>



<p>La formation est assurée à Niamey dans l’enceinte de l’école des Mines de l’Industrie et de la Géologie (EMIG)</p>



<p><strong>Objectifs de la formation&nbsp;</strong></p>



<p>Formation des Techniciens Supérieurs (licences professionnelle) en «&nbsp;Environnement minier&nbsp;»&nbsp;;</p>



<p><strong>Contenus de la formation</strong></p>



<p>·&nbsp;Exploitation Minière&nbsp;;</p>



<p>· Valorisation (Traitement) des minerais.</p>



<figure class="wp-block-image size-full"><img loading="lazy" decoding="async" width="1024" height="768" src="https://www.cea-emig.ne/wp-content/uploads/2025/05/MINES2.jpg" alt="" class="wp-image-382" srcset="https://www.cea-emig.ne/wp-content/uploads/2025/05/MINES2.jpg 1024w, https://www.cea-emig.ne/wp-content/uploads/2025/05/MINES2-300x225.jpg 300w, https://www.cea-emig.ne/wp-content/uploads/2025/05/MINES2-768x576.jpg 768w" sizes="(max-width: 1024px) 100vw, 1024px" /></figure>

<p>Dans le cadre du projet des Centres d’Excellence Africains pour l’impact sur le développement, le Centre Environnement Minier de l’EMIG (CEA_EM-EMIG) ouvre un parcours de formation spécialisés diplômants  en « Mines et Environnement minier » ; Lieu de la formation : Niamey, République du Niger La formation est assurée à Niamey dans l’enceinte de l’école des Mines de l’Industrie et&#8230;</p>
