{"id":285,"date":"2025-05-03T14:20:53","date_gmt":"2025-05-03T12:20:53","guid":{"rendered":"https:\/\/www.cea-emig.ne\/?page_id=285"},"modified":"2025-05-04T19:00:50","modified_gmt":"2025-05-04T17:00:50","slug":"cycle-master","status":"publish","type":"page","link":"https:\/\/www.cea-emig.ne\/index.php\/cycle-master\/","title":{"rendered":"Cycle Master"},"content":{"rendered":"\n<p>Dans le cadre du projet des Centres d\u2019Excellence Africains pour l\u2019impact sur le d\u00e9veloppement, le Centre Environnement Minier de l\u2019EMIG (CEA_EM-EMIG) ouvre un parcours de formation sp\u00e9cialis\u00e9 dipl\u00f4mant\u00a0en \u00ab\u00a0Mines et R\u00e9habilitation des sites miniers\u00a0\u00bb.<\/p>\n\n\n\n<p><strong>Lieu de la formation<\/strong>&nbsp;:<\/p>\n\n\n\n<p>Niamey, R\u00e9publique du Niger<\/p>\n\n\n\n<p>La formation est assur\u00e9e \u00e0 Niamey dans l\u2019enceinte de l\u2019\u00e9cole des Mines de l\u2019Industrie et de la G\u00e9ologie (EMIG)<\/p>\n\n\n\n<p><strong>Objectifs de la formation&nbsp;<\/strong><\/p>\n\n\n\n<p>Formation des Ing\u00e9nieurs (Master) en&nbsp; \u00ab&nbsp;Gestion et R\u00e9habilitation des sites miniers&nbsp;\u00bb&nbsp;;<\/p>\n\n\n\n<p><strong>Contenus de la formation<\/strong><\/p>\n\n\n\n<p>R\u00e9habilitation des sites miniers<\/p>\n\n\n\n<figure class=\"wp-block-image size-large\"><img loading=\"lazy\" decoding=\"async\" width=\"1024\" height=\"376\" src=\"https:\/\/www.cea-emig.ne\/wp-content\/uploads\/2025\/05\/rest-sites-1024x376.jpg\" alt=\"\" class=\"wp-image-385\" srcset=\"https:\/\/www.cea-emig.ne\/wp-content\/uploads\/2025\/05\/rest-sites-1024x376.jpg 1024w, https:\/\/www.cea-emig.ne\/wp-content\/uploads\/2025\/05\/rest-sites-300x110.jpg 300w, https:\/\/www.cea-emig.ne\/wp-content\/uploads\/2025\/05\/rest-sites-768x282.jpg 768w, https:\/\/www.cea-emig.ne\/wp-content\/uploads\/2025\/05\/rest-sites-1536x564.jpg 1536w, https:\/\/www.cea-emig.ne\/wp-content\/uploads\/2025\/05\/rest-sites-2048x752.jpg 2048w, https:\/\/www.cea-emig.ne\/wp-content\/uploads\/2025\/05\/rest-sites-1920x705.jpg 1920w\" sizes=\"(max-width: 1024px) 100vw, 1024px\" \/><\/figure>\n","protected":false},"excerpt":{"rendered":"<p>Dans le cadre du projet des Centres d\u2019Excellence Africains pour l\u2019impact sur le d\u00e9veloppement, le Centre Environnement Minier de l\u2019EMIG (CEA_EM-EMIG) ouvre un parcours de formation sp\u00e9cialis\u00e9 dipl\u00f4mant\u00a0en \u00ab\u00a0Mines et R\u00e9habilitation des sites miniers\u00a0\u00bb. Lieu de la formation&nbsp;: Niamey, R\u00e9publique du Niger La formation est assur\u00e9e \u00e0 Niamey dans l\u2019enceinte de l\u2019\u00e9cole des Mines de&#8230;<\/p>\n","protected":false},"author":1,"featured_media":0,"parent":0,"menu_order":0,"comment_status":"closed","ping_status":"closed","template":"","meta":{"saved_in_kubio":false,"_kad_post_transparent":"","_kad_post_title":"","_kad_post_layout":"","_kad_post_sidebar_id":"","_kad_post_content_style":"","_kad_post_vertical_padding":"","_kad_post_feature":"","_kad_post_feature_position":"","_kad_post_header":false,"_kad_post_footer":false,"footnotes":""},"class_list":["post-285","page","type-page","status-publish","hentry"],"kubio_ai_page_context":{"short_desc":"","purpose":"general"},"_links":{"self":[{"href":"https:\/\/www.cea-emig.ne\/index.php\/wp-json\/wp\/v2\/pages\/285","targetHints":{"allow":["GET"]}}],"collection":[{"href":"https:\/\/www.cea-emig.ne\/index.php\/wp-json\/wp\/v2\/pages"}],"about":[{"href":"https:\/\/www.cea-emig.ne\/index.php\/wp-json\/wp\/v2\/types\/page"}],"author":[{"embeddable":true,"href":"https:\/\/www.cea-emig.ne\/index.php\/wp-json\/wp\/v2\/users\/1"}],"replies":[{"embeddable":true,"href":"https:\/\/www.cea-emig.ne\/index.php\/wp-json\/wp\/v2\/comments?post=285"}],"version-history":[{"count":3,"href":"https:\/\/www.cea-emig.ne\/index.php\/wp-json\/wp\/v2\/pages\/285\/revisions"}],"predecessor-version":[{"id":386,"href":"https:\/\/www.cea-emig.ne\/index.php\/wp-json\/wp\/v2\/pages\/285\/revisions\/386"}],"wp:attachment":[{"href":"https:\/\/www.cea-emig.ne\/index.php\/wp-json\/wp\/v2\/media?parent=285"}],"curies":[{"name":"wp","href":"https:\/\/api.w.org\/{rel}","templated":true}]}}

<p>Dans le cadre du projet des Centres d’Excellence Africains pour l’impact sur le développement, le Centre Environnement Minier de l’EMIG (CEA_EM-EMIG) ouvre un parcours de formation spécialisé diplômant en « Mines et Réhabilitation des sites miniers ».</p>



<p><strong>Lieu de la formation</strong>&nbsp;:</p>



<p>Niamey, République du Niger</p>



<p>La formation est assurée à Niamey dans l’enceinte de l’école des Mines de l’Industrie et de la Géologie (EMIG)</p>



<p><strong>Objectifs de la formation&nbsp;</strong></p>



<p>Formation des Ingénieurs (Master) en&nbsp; «&nbsp;Gestion et Réhabilitation des sites miniers&nbsp;»&nbsp;;</p>



<p><strong>Contenus de la formation</strong></p>



<p>Réhabilitation des sites miniers</p>



<figure class="wp-block-image size-large"><img loading="lazy" decoding="async" width="1024" height="376" src="https://www.cea-emig.ne/wp-content/uploads/2025/05/rest-sites-1024x376.jpg" alt="" class="wp-image-385" srcset="https://www.cea-emig.ne/wp-content/uploads/2025/05/rest-sites-1024x376.jpg 1024w, https://www.cea-emig.ne/wp-content/uploads/2025/05/rest-sites-300x110.jpg 300w, https://www.cea-emig.ne/wp-content/uploads/2025/05/rest-sites-768x282.jpg 768w, https://www.cea-emig.ne/wp-content/uploads/2025/05/rest-sites-1536x564.jpg 1536w, https://www.cea-emig.ne/wp-content/uploads/2025/05/rest-sites-2048x752.jpg 2048w, https://www.cea-emig.ne/wp-content/uploads/2025/05/rest-sites-1920x705.jpg 1920w" sizes="(max-width: 1024px) 100vw, 1024px" /></figure>

<p>Dans le cadre du projet des Centres d’Excellence Africains pour l’impact sur le développement, le Centre Environnement Minier de l’EMIG (CEA_EM-EMIG) ouvre un parcours de formation spécialisé diplômant en « Mines et Réhabilitation des sites miniers ». Lieu de la formation&nbsp;: Niamey, République du Niger La formation est assurée à Niamey dans l’enceinte de l’école des Mines de&#8230;</p>
