{"id":473,"date":"2025-05-06T00:26:45","date_gmt":"2025-05-05T22:26:45","guid":{"rendered":"https:\/\/www.cea-emig.ne\/?page_id=473"},"modified":"2025-05-06T14:20:32","modified_gmt":"2025-05-06T12:20:32","slug":"aquisition-materiel-genie-electrique","status":"publish","type":"page","link":"https:\/\/www.cea-emig.ne\/index.php\/aquisition-materiel-genie-electrique\/","title":{"rendered":"Aquisition mat\u00e9riel G\u00e9nie \u00e9lectrique"},"content":{"rendered":"<div class=\"wp-block-image\">\n<figure class=\"alignleft size-large is-resized\"><img loading=\"lazy\" decoding=\"async\" width=\"768\" height=\"1024\" src=\"https:\/\/www.cea-emig.ne\/wp-content\/uploads\/2025\/05\/WhatsApp-Image-2025-05-04-at-12.49.39-768x1024.jpeg\" alt=\"\" class=\"wp-image-494\" style=\"width:353px;height:auto\" srcset=\"https:\/\/www.cea-emig.ne\/wp-content\/uploads\/2025\/05\/WhatsApp-Image-2025-05-04-at-12.49.39-768x1024.jpeg 768w, https:\/\/www.cea-emig.ne\/wp-content\/uploads\/2025\/05\/WhatsApp-Image-2025-05-04-at-12.49.39-225x300.jpeg 225w, https:\/\/www.cea-emig.ne\/wp-content\/uploads\/2025\/05\/WhatsApp-Image-2025-05-04-at-12.49.39.jpeg 810w\" sizes=\"(max-width: 768px) 100vw, 768px\" \/><\/figure>\n<\/div>\n\n\n<p>Liste des documents li\u00e9s \u00e0 l&rsquo;aquisition du mat\u00e9riel de G\u00e9nie \u00e9lectrique :<\/p>\n\n\n\n<ul class=\"wp-block-list\">\n<li><a href=\"http:\/\/www.cea-emig.ne\/wp-content\/uploads\/2025\/05\/Lettre-dinvitation-a-soumissionner.pdf\">Lettre d&rsquo;invitation \u00e0 soumissionner<\/a><\/li>\n\n\n\n<li><a href=\"http:\/\/www.cea-emig.ne\/wp-content\/uploads\/2025\/05\/contrat.pdf\">contrat<\/a><\/li>\n\n\n\n<li><a href=\"http:\/\/www.cea-emig.ne\/wp-content\/uploads\/2025\/05\/Note-de-reception.pdf\">Note de r\u00e9ception<\/a><\/li>\n\n\n\n<li><a href=\"http:\/\/www.cea-emig.ne\/wp-content\/uploads\/2025\/05\/PV-de-reception-provisoire.pdf\">PV de r\u00e9ception provisoire<\/a><\/li>\n\n\n\n<li><a href=\"http:\/\/www.cea-emig.ne\/wp-content\/uploads\/2025\/05\/PV-de-reception-technique.pdf\">PV de r\u00e9ception technique<\/a><\/li>\n\n\n\n<li><a href=\"http:\/\/www.cea-emig.ne\/wp-content\/uploads\/2025\/05\/proces-verbal-de-negociation.pdf\">proc\u00e8s verbal de n\u00e9gociation<\/a><\/li>\n\n\n\n<li><a href=\"http:\/\/www.cea-emig.ne\/wp-content\/uploads\/2025\/05\/Bon-de-livraison.pdf\">Bon de livraison<\/a><\/li>\n\n\n\n<li><a href=\"http:\/\/www.cea-emig.ne\/wp-content\/uploads\/2025\/05\/Auto-certfication-Marches-publics-3.pdf\">Auto-certfication March\u00e9s publics<\/a><\/li>\n\n\n\n<li><a href=\"http:\/\/www.cea-emig.ne\/wp-content\/uploads\/2025\/05\/Equipements-de-Laboratoire-Genie-electrique.pdf\">Equipements de Laboratoire G\u00e9nie \u00e9lectrique<\/a><\/li>\n\n\n\n<li><a href=\"http:\/\/www.cea-emig.ne\/wp-content\/uploads\/2025\/05\/PV-N\u00b01.pdf\">Proc\u00e8s verbal de choix 1<\/a><\/li>\n\n\n\n<li><a href=\"http:\/\/www.cea-emig.ne\/wp-content\/uploads\/2025\/05\/PV-N\u00b02-1.pdf\">Proc\u00e8s verbal de choix 2<\/a><\/li>\n\n\n\n<li><a href=\"http:\/\/www.cea-emig.ne\/wp-content\/uploads\/2025\/05\/PV-N\u00b03.pdf\">Proc\u00e8s verbal de choix 3<\/a><\/li>\n\n\n\n<li><a href=\"http:\/\/www.cea-emig.ne\/wp-content\/uploads\/2025\/05\/Lettre-dinvitation-a-soumissionner-1.pdf\">Lettre d&rsquo;invitation \u00e0 soumissionner<\/a><\/li>\n\n\n\n<li><a href=\"http:\/\/www.cea-emig.ne\/wp-content\/uploads\/2025\/05\/Mail-formation-7.5.pdf\">Email formation<\/a><\/li>\n\n\n\n<li><a href=\"http:\/\/www.cea-emig.ne\/wp-content\/uploads\/2025\/05\/photos-Equipements-du-Laboratoire-Genie-Electrique.pdf\">Photos des \u00e9quipements avec leurs sp\u00e9cifications techniques<\/a><\/li>\n<\/ul>\n\n\n\n<p><\/p>\n","protected":false},"excerpt":{"rendered":"<p>Liste des documents li\u00e9s \u00e0 l&rsquo;aquisition du mat\u00e9riel de G\u00e9nie \u00e9lectrique :<\/p>\n","protected":false},"author":1,"featured_media":0,"parent":0,"menu_order":0,"comment_status":"closed","ping_status":"closed","template":"","meta":{"saved_in_kubio":false,"_kad_post_transparent":"","_kad_post_title":"","_kad_post_layout":"","_kad_post_sidebar_id":"","_kad_post_content_style":"","_kad_post_vertical_padding":"","_kad_post_feature":"","_kad_post_feature_position":"","_kad_post_header":false,"_kad_post_footer":false,"footnotes":""},"class_list":["post-473","page","type-page","status-publish","hentry"],"kubio_ai_page_context":{"short_desc":"","purpose":"general"},"_links":{"self":[{"href":"https:\/\/www.cea-emig.ne\/index.php\/wp-json\/wp\/v2\/pages\/473","targetHints":{"allow":["GET"]}}],"collection":[{"href":"https:\/\/www.cea-emig.ne\/index.php\/wp-json\/wp\/v2\/pages"}],"about":[{"href":"https:\/\/www.cea-emig.ne\/index.php\/wp-json\/wp\/v2\/types\/page"}],"author":[{"embeddable":true,"href":"https:\/\/www.cea-emig.ne\/index.php\/wp-json\/wp\/v2\/users\/1"}],"replies":[{"embeddable":true,"href":"https:\/\/www.cea-emig.ne\/index.php\/wp-json\/wp\/v2\/comments?post=473"}],"version-history":[{"count":16,"href":"https:\/\/www.cea-emig.ne\/index.php\/wp-json\/wp\/v2\/pages\/473\/revisions"}],"predecessor-version":[{"id":618,"href":"https:\/\/www.cea-emig.ne\/index.php\/wp-json\/wp\/v2\/pages\/473\/revisions\/618"}],"wp:attachment":[{"href":"https:\/\/www.cea-emig.ne\/index.php\/wp-json\/wp\/v2\/media?parent=473"}],"curies":[{"name":"wp","href":"https:\/\/api.w.org\/{rel}","templated":true}]}}